hat is the greatest common factor of 128 and 56?
8
Calculate the highest common divisor of 52 and 1157.
13
Calculate the highest common divisor of 5642 and 651.
217
What is the greatest common factor of 28 and 3052?
28
What is the highest common factor of 4 and 716?
4
What is the greatest common factor of 38 and 1615?
19
What is the greatest common divisor of 10 and 35?
5
Calculate the highest common factor of 13 and 793.
13
Calculate the greatest common divisor of 73 and 17447.
73
Calculate the highest common divisor of 132 and 924.
132
Calculate the highest common factor of 441 and 14.
7
What is the highest common factor of 1036 and 296?
148
What is the highest common factor of 26 and 247?
13
What is the greatest common divisor of 42 and 273?
21
Calculate the highest common factor of 53 and 3392.
53
Calculate the highest common factor of 106 and 15794.
106
Calculate the highest common divisor of 2537 and 43.
43
What is the highest common factor of 7915 and 10?
5
What is the greatest common factor of 55 and 3845?
5
What is the highest common divisor of 84 and 9282?
42
What is the highest common factor of 70 and 6006?
14
Calculate the highest common factor of 26 and 65.
13
Calculate the greatest common divisor of 38 and 874.
38
What is the greatest common divisor of 11 and 759?
11
Calculate the highest common factor of 7467 and 513.
57
Calculate the highest common factor of 5810 and 40.
10
Calculate the highest common divisor of 3743 and 2758.
197
What is the greatest common factor of 23 and 667?
23
Calculate the highest common divisor of 20 and 11755.
5
Calculate the greatest common divisor of 531 and 279.
9
Calculate the highest common factor of 15 and 51.
3
Calculate the highest common factor of 1024 and 800.
32
What is the greatest common factor of 72 and 54?
18
Calculate the highest common factor of 4152 and 120.
24
What is the greatest common factor of 120 and 800?
40
What is the highest common factor of 10452 and 156?
156
What is the greatest common divisor of 5 and 1255?
5
Calculate the greatest common divisor of 38 and 1349.
19
What is the highest common factor of 5251 and 59?
59
Calculate the greatest common factor of 456 and 3306.
114
Calculate the highest common factor of 1462 and 34.
34
Calculate the highest common factor of 720 and 435.
15
Calculate the highest common divisor of 104 and 52.
52
Calculate the highest common factor of 3197 and 23.
23
What is the greatest common divisor of 8 and 4792?
8
Calculate the greatest common divisor of 5822 and 164.
82
Calculate the highest common divisor of 1304 and 163.
163
What is the greatest common divisor of 3423 and 105?
21
Calculate the highest common factor of 4700 and 200.
100
Calculate the greatest common divisor of 1479 and 255.
51
Calculate the highest common divisor of 18 and 333.
9
What is the highest common factor of 190 and 304?
38
What is the greatest common divisor of 51 and 54?
3
What is the highest common divisor of 112 and 44464?
112
What is the greatest common factor of 1 and 139?
1
What is the greatest common factor of 4131 and 255?
51
What is the greatest common factor of 1428 and 136?
68
Calculate the highest common factor of 2120 and 180.
20
What is the highest common divisor of 325 and 130?
65
Calculate the greatest common factor of 600 and 16.
8
Calculate the highest common divisor of 1085 and 10633.
217
Calculate the greatest common divisor of 7824 and 16.
16
What is the highest common divisor of 6014 and 776?
194
What is the greatest common divisor of 14 and 308?
14
Calculate the highest common divisor of 6 and 132.
6
What is the greatest common divisor of 4895 and 55?
55
What is the highest common factor of 25 and 1525?
25
What is the highest common divisor of 28 and 8?
4
What is the highest common factor of 1353 and 165?
33
What is the greatest common divisor of 58464 and 21?
21
Calculate the highest common factor of 27 and 108.
27
Calculate the highest common divisor of 1107 and 27.
27
Calculate the highest common divisor of 49 and 441.
49
What is the highest common divisor of 3084 and 36?
12
What is the highest common factor of 17496 and 18?
18
What is the greatest common factor of 19 and 1216?
19
What is the greatest common factor of 52115 and 35?
35
What is the greatest common factor of 2637 and 9?
9
Calculate the highest common factor of 90 and 300.
30
Calculate the greatest common divisor of 507 and 1911.
39
What is the greatest common divisor of 39114 and 212?
106
What is the greatest common divisor of 17 and 5321?
17
What is the highest common divisor of 81 and 2403?
27
Calculate the greatest common factor of 426 and 114.
6
Calculate the greatest common divisor of 90 and 36.
18
What is the greatest common divisor of 9 and 3?
3
What is the greatest common factor of 6 and 6729?
3
What is the greatest common divisor of 168 and 2625?
21
Calculate the greatest common factor of 189 and 18.
9
What is the highest common divisor of 545 and 7957?
109
Calculate the greatest common factor of 3616 and 32.
32
What is the highest common factor of 228 and 36?
12
Calculate the greatest common divisor of 59 and 649.
59
Calculate the greatest common divisor of 308 and 770.
154
Calculate the greatest common divisor of 9 and 33.
3
What is the highest common divisor of 1524 and 84?
12
What is the highest common factor of 1379 and 14?
7
Calculate the greatest common divisor of 9390 and 45.
15
What is the greatest common divisor of 120 and 636?
12
Calculate the highest common divisor of 110 and 50.
10
What is the highest common divisor of 845 and 5?
5
What is the greatest common divisor of 86 and 774?
86
What is the greatest common factor of 7619 and 19?
19
What is the highest common factor of 288 and 108?
36
What is the highest common divisor of 4642 and 44?
22
Calculate the highest common factor of 33 and 5269.
11
Calculate the greatest common factor of 4873 and 66.
11
What is the greatest common divisor of 184 and 23?
23
Calculate the greatest common divisor of 332 and 5810.
166
Calculate the greatest common divisor of 1428 and 420.
84
Calculate the greatest common factor of 506 and 286.
22
What is the highest common divisor of 567 and 7?
7
What is the highest common factor of 14 and 434?
14
What is the highest common divisor of 31 and 38?
1
What is the greatest common factor of 1695 and 113?
113
What is the highest common divisor of 3192 and 42?
42
What is the highest common factor of 595 and 35?
35
What is the greatest common divisor of 133 and 38?
19
What is the highest common factor of 432 and 16?
16
Calculate the greatest common factor of 329 and 14.
7
What is the highest common divisor of 145 and 10382?
29
What is the greatest common factor of 7799 and 11?
11
Calculate the greatest common divisor of 42 and 602.
14
What is the greatest common divisor of 104 and 3562?
26
Calculate the highest common divisor of 340 and 740.
20
Calculate the greatest common factor of 68 and 12.
4
Calculate the greatest common factor of 1246 and 84.
14
What is the greatest common divisor of 253 and 92?
23
What is the greatest common divisor of 25019 and 127?
127
What is the highest common divisor of 138 and 897?
69
Calculate the highest common divisor of 275 and 50.
25
Calculate the highest common factor of 41 and 4141.
41
What is the greatest common factor of 120 and 40?
40
Calculate the greatest common factor of 35128 and 8.
8
Calculate the greatest common divisor of 8 and 872.
8
What is the greatest common divisor of 1001 and 39?
13
What is the highest common factor of 888 and 384?
24
Calculate the highest common factor of 172 and 12.
4
Calculate the greatest common divisor of 9 and 9.
9
What is the highest common factor of 3024 and 63?
63
Calculate the highest common factor of 30 and 3070.
10
Calculate the highest common divisor of 1826 and 22.
22
What is the highest common factor of 2721 and 3?
3
What is the greatest common factor of 444 and 84?
12
Calculate the highest common factor of 144 and 9.
9
Calculate the highest common factor of 121 and 31702.
121
Calculate the highest common factor of 200 and 24.
8
Calculate the greatest common divisor of 9316 and 16.
4
What is the highest common factor of 198 and 242?
22
Calculate the highest common divisor of 155 and 3565.
155
What i